q = 3*g - 3. Suppose g + 1 = 3*s. What is the units digit of s?
1
Let x(s) = 42*s**3 + s**2 + s - 2. Let l be x(-2). What is the units digit of l/(-30) + 2/(-10)?
1
Suppose 5*x = r + 215, -2*r + 34 = 2*x - 52. What is the tens digit of x?
4
Let j = 78 - 18. What is the tens digit of j?
6
Let y(w) = w + 15. Let s be y(-7). Let v = s + -3. What is the units digit of v?
5
What is the tens digit of ((-531)/18)/(1/(-2))?
5
Let f be -2 + 48 + 12/6. Let u be ((-4)/3)/((-2)/f). Suppose 0 = -j + 3*j - u. What is the tens digit of j?
1
Let o = 17 - 29. What is the units digit of (14/8)/((-3)/o)?
7
Let s = 0 - 0. Suppose 4*n + s*n = 3*z - 10, 5*z - 6 = 4*n. Let h = 0 - n. What is the units digit of h?
4
Suppose -4*s = -2*s - 60. Let i = s + -21. What is the units digit of i?
9
Let n = 7 - 3. Suppose k + 5*d - 9 = 0, -n*k + 2*d = 6*d - 20. What is the units digit of (-27)/(-12) - 1/k?
2
Suppose 0 = g - 6*g - 20. Let f = 6 + g. What is the units digit of f?
2
Let n(g) = 4*g**2 - 3*g + 1. What is the units digit of n(-6)?
3
Let o(v) = 213*v**2 - 2*v - 1. What is the units digit of o(-1)?
4
Let g = 0 + 0. Suppose 3*u - u + 128 = g. What is the units digit of 18/30 - u/10?
7
Suppose -5*l = j - 279, -2*l + 85 = 3*j - 37. What is the units digit of l?
5
Let g(w) be the second derivative of w**3/3 + 3*w**2 - 7*w. What is the tens digit of g(9)?
2
Suppose 3*p - 16 - 119 = 0. What is the units digit of p?
5
What is the units digit of (-20)/8*2*-2?
0
Suppose 5*h - 4*u = -50, 39 = -4*h + u + 2*u. Suppose -4*j - 19 - 113 = 0. What is the units digit of 2*(-2 + j/h)?
7
Let w = 17 + -11. What is the units digit of -3*(-4)/24*w?
3
Let v(g) = 2*g + 22. What is the tens digit of v(16)?
5
Let z(q) = 2*q + 1. Let f(i) = -i - 1. Suppose -5*n + 6 = 31. Let g(u) = n*f(u) - 2*z(u). What is the units digit of g(-2)?
1
What is the units digit of -8*1*69/12*-1?
6
Suppose -o = 4*z - 25, -3*z = -3*o - 10 + 115. What is the units digit of o?
3
Let c(h) = -h**3 - 5*h**2 - 3*h + 2. Let u be c(-4). Let i = 3 + u. What is the units digit of i?
1
Let r = 3 + 2. Let q = r + -4. Suppose 0 = -5*j + 5*p + 20, -4*j - q + 17 = -3*p. What is the units digit of j?
4
Suppose -15 = -5*w + 15. Suppose 27 = w*r - 3*r. What is the units digit of r?
9
Let o = -6 + 7. Let s(f) = 2*f - 1. Let l be s(o). Let c = 5 - l. What is the units digit of c?
4
Suppose 5*r + 59 = 434. What is the units digit of r?
5
Suppose -1499 = 15*q - 6614. What is the units digit of q?
1
Let w(t) = 4*t**3 - 3*t**2 + t. Let i be w(2). Suppose -2*f + i = -8. What is the units digit of f?
5
Suppose 5*c = -3*l - 3 - 3, 3*l = -6. Suppose -2*x + 46 - 6 = c. What is the units digit of x?
0
Let n(c) = c**2 + 4*c - 8. Let r be n(-6). Suppose -r*l = -2*l - 32. What is the tens digit of l?
1
Let k = -3 - -6. Suppose 0 = -3*f, 3*f - k = -u - 0*u. What is the units digit of u?
3
Let m be 1 + -2 - -7 - 1. Let x(d) = 7*d - 17. Let b(v) = -4*v + 9. Let w(n) = -5*b(n) - 3*x(n). What is the units digit of w(m)?
1
Let b = -9 - -26. Suppose 0 = 2*x - 4*u - 8, -x + u + 9 - 1 = 0. Let o = b - x. What is the units digit of o?
5
Suppose 4*o - 9*o = -g + 24, -2*g + 4*o + 24 = 0. Suppose 0 = -q - q + g. What is the units digit of q?
2
Suppose -4*i + 10 = -2*d, 2*d - 10 = d - i. Suppose -s - 19 = -d*h, -5*h - 2*s + 18 = -4*s. What is the units digit of h?
4
Suppose 0*p = p - 4. Suppose p*f = -4*k - k + 81, 0 = -4*k - 4*f + 68. What is the units digit of k?
3
Let f = 28 + 17. What is the units digit of f?
5
Let k(n) = n**3 + 9*n**2 + 7*n - 6. Let w be k(-8). Suppose -2*h - 56 = -5*b - 9, -4*h = w*b - 38. What is the tens digit of b?
1
Let z = -8 + 9. What is the tens digit of (-1 + -12*z)*-1?
1
Let n be 4 - (-1)/((-3)/(-6)). Let c = n - 3. Suppose -3*z + 27 = c*a, -13 = -3*z - a + 6. What is the units digit of z?
5
Let q = -28 - -29. What is the units digit of q?
1
Suppose 8*k - 3*k = 3*y - 15, -3*y + 3*k + 9 = 0. Suppose -32 = -3*p - q, y = -7*q + 2*q + 25. What is the units digit of p?
9
Suppose 5*s - 199 = -3*v - 20, 41 = s - 2*v. What is the tens digit of s?
3
What is the units digit of (14/(-8))/((-3)/36)?
1
Suppose 4*g + g + x + 54 = 0, -2*g = -x + 23. Let m = 4 - -2. Let a = m - g. What is the tens digit of a?
1
Let u = 45 - -20. Suppose u = 6*s - s. What is the tens digit of s?
1
Suppose -5*y + 30 = -5*s, 4*s + 6 = -y + 2*s. Let i be 207/6 + 1/y. Let m = i - 22. What is the tens digit of m?
1
Let i(j) = -4*j + 1. Let r be i(5). Let l = 31 + r. What is the units digit of (-2)/(-6) + 44/l?
4
Let p = 171 + -84. What is the units digit of p?
7
Suppose -3*x + 15 = 2*x. Let m(r) = -r**2 + 7 + x*r - 3*r. What is the units digit of m(0)?
7
Let l(o) = 8*o - 12. What is the tens digit of l(10)?
6
Let v be (2 + -2 - 3)/1. What is the units digit of 54/8 - v/(-4)?
6
What is the units digit of (-1)/3 - (-777)/9?
6
Let r(z) = z**3 + 4*z**2 + z. Let s be r(-4). What is the units digit of (6/s)/(6/(-152))?
8
Suppose 4*r = 25 - 5. Suppose r = 4*t + 1. What is the units digit of 1 - (0 + 0)*t?
1
Let s be 3 + (0/(-3))/3. Suppose 0*i + s*i + 19 = 2*c, -i = 3. Suppose 27 = c*a - 2*a. What is the units digit of a?
9
Suppose -z = -66 - 71. Suppose 5*o = -2*h - h + 113, 5*o - 3*h - z = 0. What is the units digit of o?
5
Suppose -s = -5*v - 2, s - 38 = -3*v - 4. What is the units digit of s?
2
Let m = -13 - -17. Suppose -34 - 58 = -m*g. What is the units digit of g?
3
Let w be 130/30 - (-2)/(-6). Let y(h) = -h**3 + 6*h**2 - 3*h - 3. What is the tens digit of y(w)?
1
Let f = 1 + 5. Suppose f + 2 = 2*g. Suppose -h - g*h + 10 = 0. What is the units digit of h?
2
Let i be (44/16)/((-2)/(-8)). Let p(f) = f**3 - 10*f**2 - 10*f + 2. What is the tens digit of p(i)?
1
Let y = -1 - -3. Let u(c) = y*c**2 - 2*c + 0*c**2 + 0*c**2 + 1. What is the units digit of u(2)?
5
Let f(l) = 3*l**2 - 2*l + 1. Let i be f(1). Suppose -i*w + 10 + 14 = 0. Suppose 2*q = -q + w. What is the units digit of q?
4
Let u(w) = -w**3 - 3*w**2 + 4*w - 3. Let g be u(-4). Let o be 48/9 + 1/g. Suppose -4*h - 7 = 3*a - 2, 0 = o*a - 4*h - 13. What is the units digit of a?
1
Suppose -4*b + 0*o - o = -6, 0 = 3*b + o - 4. Let d(u) = -u + 1. Let w(r) = 5*r - 2. Let g(a) = 2*d(a) + w(a). What is the units digit of g(b)?
6
Let j(m) = -m - 5*m + 9 + 1 - m**2. Let r be j(-7). What is the units digit of (2 + (-4)/r)*6?
4
Let s(m) = m**3 - 2*m**2 - 3*m. What is the units digit of s(4)?
0
Let z be ((-10)/(-6))/(3/(-9)). Let w = 9 + z. Let b(f) = -f**3 + 3*f**2 + 5*f - 3. What is the units digit of b(w)?
1
Suppose -4*o + 4 = 0, -4*n + 21 - 2 = -o. Suppose 0*y = -y + 1. Suppose n*z + y = 16. What is the units digit of z?
3
Let f(x) be the third derivative of x**6/120 + x**5/15 - 2*x**3/3 - x**2. Suppose 4*j - j + 9 = 0. What is the units digit of f(j)?
5
Let x be -23 + (-8)/(0 + -4). What is the tens digit of (-3 + 1 - x)/1?
1
Let d(a) = a**3 + 5*a**2 - 5*a - 2. Let g be d(-6). Let c = g + 5. What is the units digit of 10 - 2/(-3)*c?
8
Let x(j) = -5*j - 1. Suppose 3*n = 9, -2*h + 0*n + 11 = 5*n. What is the units digit of x(h)?
9
Let b = -2 + 2. Suppose -2*n + 16 = -2*l, b*l - n = 2*l + 1. What is the units digit of 1 - 0 - 3/l?
2
Let k(f) = f**3 + 6*f**2 - 3*f - 5. Let c be k(-4). Suppose 5*l + 2*n = 4*n + c, 8 = 2*l + 3*n. What is the units digit of l?
7
Let o be (0 - -1) + -1 + 2. Suppose -2*x + 2 = 3*f - 4*x, -4*f - 3*x + 31 = 0. Suppose s = -f*s - o*v + 70, -s + 17 = v. What is the tens digit of s?
1
Suppose c + 55 = 6*c. What is the tens digit of (-3 + 4)/(1/c)?
1
What is the tens digit of ((-26)/8)/((-6)/48)?
2
Let f(d) = 4*d**2 - 12*d - 10. What is the tens digit of f(7)?
0
Let j be (-24)/(-14) - (-12)/42. Suppose 2*h = -5*q - 0*h + 70, -29 = -2*q - h. Suppose j*n - 4*z - 6 = q, n - 1 = -2*z. What is the units digit of n?
5
Suppose 4*x - 2*a - 2*a = 0, -5*x + 16 = -a. Suppose 0 = -x*i + 24 - 4. What is the units digit of i?
5
Suppose 4*c + 3*j - 212 = 0, -j + 4 = -0*j. What is the tens digit of c?
5
Let m be (-33 + 5)/(-1 - 1). Suppose 15 = 8*a - 3*a. Suppose -a*z + 10 = -4*b - 14, 2*b = 2*z - m. What is the units digit of z?
4
Let r = -22 + 13. Let z = -25 - r. Let t = z + 22. What is the units digit of t?
6
Let t(f) = f**2 + 7*f + 1. Let i be t(-6). Let x = -19 + 30. Let h = i + x. What is the units digit of h?
6